- 14. Calculate the highest common factor of 4 and j.
4
Let c = -44 - -30. Let v be 610/35 - 8/c. Calculate the greatest common divisor of v and 108.
18
Let z = -924 - -958. Calculate the greatest common factor of z and 2108.
34
Suppose 82*s - 77*s - 575 = 0. Suppose -f - 95 = n - 2*n, -s = -n + 5*f. What is the greatest common divisor of 18 and n?
18
Suppose x - 3*x = 10, 2*x - 20 = -3*h. What is the greatest common divisor of 320 and h?
10
Let q(v) = 6*v - 2. Let x be q(3). Let y(j) = 20*j - 12. Suppose 2 = n, b - 2*n + 3*n - 9 = 0. Let c be y(b). What is the greatest common divisor of x and c?
16
Suppose p + 0*p = 10. Suppose -4*r - 20 = -4*i, -2*i - 9 = -3*i + 2*r. Let a = i + 4. Calculate the highest common divisor of p and a.
5
Let u(r) = -r**2 - 2*r + 15. Let a be u(-5). Suppose 2*j - 2*m - 26 = 0, -4*j + 2*m = -a*j - 54. Calculate the highest common factor of j and 21.
7
Let x be 11 + 0 + (-35)/5. Let v(q) = q. Let g be v(1). Calculate the highest common divisor of g and x.
1
Let b(z) = 22*z - 240. Let l be b(11). What is the highest common divisor of 98 and l?
2
Let v(g) = -46*g - 26. Let k be v(-3). What is the highest common divisor of k and 14?
14
Let n be (2 + 77/(-22))/(2/(-228)). What is the greatest common divisor of n and 18?
9
Suppose 2*k + 1643 = 33*k. Calculate the greatest common factor of k and 848.
53
Let y be (2*-2)/(2/(-4)). Suppose 0 = -30*a + 1595 + 85. Calculate the greatest common divisor of y and a.
8
Let o(h) = 17*h - 23. Let z be o(5). Let k be 4/(-12)*(2 - z). Calculate the greatest common divisor of k and 140.
20
Let a(h) = -2*h**3 + 20*h**2 - 14*h + 18. Let j be a(9). Calculate the greatest common divisor of 6 and j.
6
Let l = -444 + 449. Let n(o) = o**3 + 2*o**2 - 2*o - 4. Let z be n(3). What is the greatest common factor of l and z?
5
Let n(z) = -35*z + 1. Let m be n(-5). Suppose 3*s = 15, 3*s + 2*s + 19 = b. Calculate the highest common divisor of b and m.
44
Let q be (-7 - -2)/(-1)*5. Calculate the greatest common factor of 100 and q.
25
Let c(l) = l - 6. Let y be c(6). Suppose -3*j + 0*j + 42 = y. Let v be 4/14 + 52/j. Calculate the highest common factor of v and 2.
2
Let j = 975 + -392. What is the highest common divisor of 11 and j?
11
Let b be -20 - -176 - 8/1. Calculate the greatest common factor of b and 666.
74
Let k be (10/40)/((-2)/8). Let t be (1 - k - (-120)/(-32))*-8. Calculate the highest common divisor of t and 126.
14
Let r(f) = f**3 + 10*f**2 - 2*f + 11. Let i be r(-10). What is the greatest common divisor of i and 124?
31
Suppose -4*k = 158 - 30. Let c = k - -164. Suppose -13*g + 10*g = 5*d - 72, 2*g - 68 = -5*d. Calculate the highest common divisor of d and c.
12
Let s = -689 + 729. Calculate the highest common divisor of 184 and s.
8
Let h be ((-9)/(-4))/(219/2336). What is the highest common factor of 9 and h?
3
Let s = 232 + -144. Suppose -3*b + 44 = b. What is the greatest common divisor of b and s?
11
Let t = -151 + 304. Suppose -5*c = z - 27, -z - 13*c = -18*c - 7. Calculate the greatest common divisor of z and t.
17
Let u(v) = v**3 - v**2 - v - 4. Let a be u(0). Let w be (-38)/a*(2 - 0). Let x = 46 + w. Calculate the highest common divisor of x and 26.
13
Let v(d) = -26*d - 2. Let u(w) = -78*w - 6. Let r(a) = 4*u(a) - 11*v(a). Let x be r(-4). What is the highest common factor of 153 and x?
51
Suppose 28811 = 17*y - 2860. Calculate the greatest common factor of y and 81.
81
Let z(k) = 4*k + 10. Let a be z(-2). Let y be (-50)/(-6) + a/(-6). Let w(h) = -h**2 - 7*h - 6. Let p be w(-5). What is the greatest common divisor of y and p?
4
Let y = 31 - 26. Suppose -y*t + 24 = -21. What is the greatest common divisor of t and 45?
9
Suppose 3*b - x - 35 = 2*b, 0 = 3*b + 5*x - 145. Calculate the highest common factor of 68 and b.
4
Suppose -118 + 14 = -26*h. Calculate the highest common factor of 19 and h.
1
Let g = 14 - 12. Suppose g*k = -0*k - 5*p + 30, -2*k + 30 = -p. Calculate the highest common divisor of 15 and k.
15
Suppose -2*q + 1 + 1 = 0. Let o be 6/(-8) - (-279)/36. What is the highest common divisor of o and q?
1
Let i(y) = 1 + 120*y**3 - 9*y + 2*y**2 - 6*y**2 - 118*y**3 - 8*y**2. Let w be i(7). Suppose 3*x = -x + w. What is the greatest common divisor of x and 90?
9
Suppose -2*n = d - 265, 2*n - n = 2*d + 120. Let t = n - 72. What is the highest common factor of 522 and t?
58
Let p = -713 - -749. Calculate the highest common factor of 528 and p.
12
Let h = 1364 - 1322. Calculate the greatest common factor of h and 399.
21
Let w(k) = 5*k**2 + 0*k**2 - 3*k + 0*k**2 + 1. Let o be w(3). Let a = o + -4. What is the highest common divisor of a and 22?
11
Let z be (90/35)/(6/280). What is the highest common divisor of z and 12?
12
Let o = 7 - 6. Let n be (0 + o)*-2*11. Let h = n + 79. Calculate the highest common divisor of 19 and h.
19
Let d = -1467 - -2056. Calculate the greatest common divisor of d and 31.
31
Suppose -42 = -o + 4*x + x, 0 = -o + 4*x + 37. Suppose 3*d = 5*d - 18. Let t(l) = 21*l - 2. Let j be t(d). Calculate the greatest common divisor of j and o.
17
Let k be (-146)/(-5) - (-1)/(-5). Let g be (185/(-10) - -2)*-22. Let h = g - 131. What is the greatest common divisor of k and h?
29
Suppose 16 = 4*a - 16. Suppose -88 = -55*o + 54*o. What is the greatest common divisor of o and a?
8
Let h(z) = -9*z + 19. Let j(o) = 10*o - 21. Let m(p) = 3*h(p) + 4*j(p). Let d be m(4). What is the greatest common divisor of d and 200?
25
Let b = -23 - -43. Let p = -18 - -28. Suppose 2*c = 30 + p. What is the greatest common factor of b and c?
20
Let v = -726 + 823. What is the greatest common divisor of v and 1164?
97
Let g = 200 + -105. Let y(n) = n + 17. Let w be y(-15). Suppose 5*v = w*q - 63, 0 = -2*q + 5*q - v - 62. Calculate the highest common divisor of g and q.
19
Let n = -197 - -198. Let s be (-3)/(-12) + (-37)/4. Let x be (-4)/(-18) - 7/s. What is the highest common factor of x and n?
1
Let g(z) = -z - 3. Let p be g(-5). Suppose 0 = -j - p*j - 69. Let c = j - -26. What is the greatest common divisor of c and 6?
3
Suppose -2*w = -4*m + 22, -4*m = -w - 0*w - 21. Suppose 0*j + 2*d = -3*j + 67, -3*d + 110 = m*j. What is the highest common factor of 171 and j?
19
Let k be (1/3)/((-8)/(-120)). Suppose 5*d + k = -2*z + 123, -d = -5*z - 29. Let t(u) = 16*u**2. Let o be t(-1). Calculate the greatest common factor of d and o.
8
Suppose -39*o + 6 = -36*o. Calculate the highest common divisor of 36 and o.
2
Let t(l) = 4*l - 3. Let g be t(4). Let c be 5 + (-21)/(-12) + 46/(-8). Calculate the highest common factor of c and g.
1
Suppose -4 = 3*d - 5*d. Suppose -43 = -4*a - 3*w, w - 6*w + 39 = d*a. Let n = a + 7. Calculate the highest common factor of 126 and n.
14
Suppose 2*a - 5*n - 998 = 1172, 0 = -3*a - 2*n + 3236. Calculate the greatest common divisor of a and 40.
40
Let f(o) = o**2 + 4*o + 4. Let n be f(-4). Suppose n*x = 2*x + 60. Let u be 7/(21/60) + 0. Calculate the highest common factor of u and x.
10
Suppose -y + 1052 = -3*v, 2*v + 674 = -y - 34. Suppose 36*g - 35*g + 55 = 0. Let z be v/g - (-6)/10. Calculate the highest common divisor of z and 7.
7
Let l be 30/(-4)*(-4 - -2). Let a be 1 - (-4 - -3) - -9. Let q be a + (3 - 2) + -2. Calculate the greatest common divisor of l and q.
5
Let o(q) = -36*q + 125. Let w be o(3). What is the highest common divisor of w and 85?
17
Let k be ((-231)/(-6))/(43/14 + -3). What is the highest common factor of 49 and k?
49
Suppose m - 10 - 24 = 0. Suppose 0 = 2*n - 6*n + 340. Calculate the highest common factor of m and n.
17
Let y be (-4 - -35)*1 + -3. Suppose -f + 6 - 4 = 0. Suppose 0 = -2*m + f*g + g + 17, 0 = -5*m + 2*g + 37. What is the highest common factor of y and m?
7
Suppose -15 = -3*n, 5*i + 33*n - 30*n - 5115 = 0. Let r = i + -602. Suppose -2*k + 6 = 2, 5*t - 182 = 4*k. Calculate the highest common factor of t and r.
38
Let s = 119 - 42. Let v = -53 + s. Suppose 4*i + 0*y - 48 = -4*y, i = 2*y + 24. Calculate the greatest common divisor of v and i.
8
Let o(a) = 10*a - 2. Let c be o(5). What is the highest common factor of c and 6?
6
Suppose f - 14 = -4*w - 49, 85 = -4*f - 5*w. Let x = 55 + f. What is the highest common divisor of x and 60?
20
Let y be 21/(-9)*(-5 - 1). Suppose -4*o = 4*o + 4*o. Suppose o = -2*j + 115 + 25. Calculate t